he highest common factor of 228 and 1840872?
228
What is the greatest common factor of 48 and 10448?
16
What is the highest common divisor of 898 and 1407166?
898
Calculate the highest common factor of 2166 and 11058.
114
Calculate the highest common factor of 650 and 4173325.
325
Calculate the highest common factor of 21 and 84336.
21
Calculate the greatest common factor of 1855 and 265795.
265
Calculate the greatest common factor of 15932057 and 2333.
2333
What is the greatest common divisor of 16279 and 446?
223
What is the greatest common factor of 60839 and 5864?
733
Calculate the highest common divisor of 19747816 and 44.
44
Calculate the greatest common divisor of 14632 and 32.
8
Calculate the highest common divisor of 225 and 72300.
75
Calculate the greatest common factor of 183529 and 83123.
823
Calculate the greatest common divisor of 1343404 and 3156.
1052
Calculate the highest common factor of 160 and 35850.
10
What is the greatest common divisor of 2068 and 23030?
94
What is the greatest common divisor of 2965413 and 1518?
759
Calculate the greatest common factor of 4 and 23186.
2
Calculate the greatest common divisor of 12865 and 8773.
31
Calculate the highest common factor of 2622 and 46512.
114
What is the highest common divisor of 2700 and 5943600?
900
What is the greatest common divisor of 219 and 1095?
219
Calculate the highest common factor of 522 and 22794.
174
Calculate the highest common factor of 89649 and 27.
9
What is the greatest common divisor of 852 and 57297?
213
Calculate the greatest common divisor of 68 and 5012450.
34
Calculate the highest common divisor of 168111 and 36.
9
What is the greatest common divisor of 343644 and 3150?
42
Calculate the greatest common divisor of 209 and 50863.
19
What is the greatest common factor of 1911381 and 228?
57
Calculate the greatest common divisor of 53845 and 9680.
605
What is the greatest common divisor of 1694580 and 926?
926
What is the highest common factor of 849966 and 68?
34
Calculate the greatest common divisor of 2899 and 325.
13
What is the greatest common factor of 6053927 and 473?
473
Calculate the highest common factor of 2928 and 1342.
122
What is the greatest common divisor of 52503 and 2109?
111
What is the greatest common factor of 220584 and 4949?
707
What is the highest common divisor of 3147 and 1632?
3
Calculate the highest common factor of 46855 and 180.
5
What is the highest common factor of 222777 and 225?
9
What is the greatest common divisor of 23 and 49910?
23
Calculate the highest common factor of 40247 and 3133.
241
What is the greatest common factor of 6 and 62058?
6
Calculate the greatest common factor of 31560 and 750.
30
What is the highest common factor of 682889 and 1149?
383
Calculate the greatest common factor of 935 and 61795.
85
Calculate the highest common divisor of 640 and 107840.
320
What is the highest common factor of 5530 and 400530?
790
Calculate the highest common divisor of 75 and 400.
25
What is the greatest common divisor of 48 and 1188?
12
Calculate the greatest common divisor of 71226 and 141133.
1319
Calculate the highest common factor of 1756545 and 105.
105
What is the greatest common divisor of 307745 and 244?
61
Calculate the highest common divisor of 1180 and 11092.
236
What is the highest common divisor of 8 and 6339688?
8
What is the highest common factor of 45 and 1587255?
15
Calculate the greatest common factor of 163176 and 216.
24
Calculate the highest common divisor of 476 and 26197.
17
What is the greatest common factor of 69 and 117093?
69
What is the greatest common factor of 1800 and 96?
24
Calculate the greatest common divisor of 8129 and 5912.
739
What is the greatest common factor of 352 and 1012?
44
Calculate the greatest common divisor of 12 and 787884.
12
What is the highest common factor of 1647 and 93?
3
What is the highest common factor of 7748478 and 1422?
1422
What is the greatest common divisor of 963814 and 2188?
1094
What is the highest common factor of 110000 and 5720?
440
Calculate the greatest common divisor of 1626799 and 19.
19
What is the greatest common divisor of 940 and 785840?
940
Calculate the highest common divisor of 9 and 61497.
9
Calculate the greatest common factor of 552 and 8256.
24
What is the highest common factor of 56 and 1274364?
28
Calculate the greatest common divisor of 4552 and 69987.
569
What is the greatest common divisor of 117416 and 13?
13
What is the highest common factor of 99 and 47745?
9
Calculate the highest common divisor of 333379 and 43.
43
What is the highest common divisor of 2691 and 3874?
13
Calculate the greatest common factor of 1083729 and 258.
129
Calculate the highest common divisor of 282 and 19223.
47
Calculate the greatest common factor of 18786194 and 14.
14
What is the highest common factor of 56 and 67368?
56
Calculate the highest common factor of 213351 and 591.
591
What is the greatest common divisor of 228 and 75772?
76
What is the highest common factor of 59688 and 16?
8
Calculate the highest common factor of 3382 and 4294.
38
Calculate the highest common divisor of 1965 and 9.
3
What is the greatest common factor of 146 and 3470858?
146
What is the greatest common factor of 2760 and 74290?
230
What is the greatest common divisor of 159986 and 3674?
334
Calculate the highest common divisor of 633421 and 73.
73
What is the highest common divisor of 9338 and 91147?
203
What is the highest common divisor of 35088 and 51901?
731
What is the greatest common factor of 5390 and 1110?
10
What is the greatest common factor of 8652 and 32?
4
Calculate the highest common factor of 11 and 55792.
11
What is the greatest common divisor of 39543 and 735?
147
Calculate the greatest common factor of 349437 and 231.
33
Calculate the highest common factor of 815 and 265.
5
Calculate the highest common divisor of 2082 and 45457.
347
Calculate the highest common factor of 6679517 and 5044.
1261
Calculate the greatest common divisor of 62200 and 33800.
200
Calculate the highest common divisor of 38 and 3541068.
38
Calculate the greatest common divisor of 194984 and 104.
8
What is the greatest common divisor of 195 and 59605?
65
What is the greatest common divisor of 166 and 7310806?
166
Calculate the highest common divisor of 59186 and 6262.
202
What is the greatest common divisor of 8784 and 6976?
16
What is the greatest common factor of 3875 and 30535?
155
Calculate the greatest common divisor of 1332 and 10980.
36
Calculate the highest common divisor of 6 and 65745.
3
Calculate the highest common factor of 621 and 9774.
27
What is the greatest common factor of 4156155 and 684?
171
What is the greatest common divisor of 88292 and 4?
4
Calculate the greatest common factor of 122990 and 6.
2
Calculate the highest common factor of 230115 and 435.
435
Calculate the highest common divisor of 6 and 2042046.
6
What is the greatest common factor of 14 and 40190?
2
What is the highest common divisor of 14 and 3185?
7
What is the greatest common factor of 70 and 81382?
14
Calculate the highest common divisor of 82212 and 403.
403
Calculate the greatest common divisor of 3492 and 12.
12
What is the highest common divisor of 26180 and 28?
28
What is the greatest common divisor of 39 and 779870?
13
Calculate the highest common factor of 12792 and 381792.
984
What is the greatest common factor of 135369 and 14625?
117
What is the greatest common factor of 38 and 30457?
19
Calculate the highest common factor of 336 and 146.
2
Calculate the greatest common divisor of 303 and 722049.
303
Calculate the greatest common divisor of 1101555 and 140.
35
What is the greatest common divisor of 36 and 71361?
9
Calculate the highest common divisor of 11 and 163955.
11
Calculate the greatest common factor of 21854 and 5798.
446
What is the greatest common factor of 20834 and 44?
22
What is the greatest common factor of 1900 and 9652?
76
What is the greatest common divisor of 180 and 27120?
60
What is the highest common divisor of 344652 and 18?
6
Calculate the highest common divisor of 1482 and 79248.
78
What is the greatest common factor of 1305 and 25375?
145
Calculate the highest common factor of 9246322 and 92.
46
What is the highest common factor of 39 and 71279?
13
Cal